{"id":85,"date":"2009-05-25T18:51:16","date_gmt":"2009-05-25T16:51:16","guid":{"rendered":"http:\/\/www.ingolduniversal.com\/?page_id=85"},"modified":"2022-10-05T15:25:04","modified_gmt":"2022-10-05T13:25:04","slug":"ingold-airlines","status":"publish","type":"page","link":"https:\/\/www.ingolduniversal.com\/?page_id=85","title":{"rendered":"ingold airlines"},"content":{"rendered":"<p>ingold airlines AG Satzung &#8211; Abs. 1 Allgemeine Bestimmungen<br \/>\n<strong>\u00a7 1 Firma und Sitz<\/strong><br \/>\n1. Die Gesellschaft f\u00fchrt die Firma ingold airlines Aktiengesellschaft f\u00fcr internationalen Luftverkehr.\u2028\u20282. Sie hat ihren Sitz in K\u00f6ln.<\/p>\n<p style=\"text-align: left;\"><strong><br \/>\n\u00a7 2 Gegenstand des Unternehmens<\/strong><br \/>\n1. Gegenstand des Unternehmens ist die Bet\u00e4tigung auf dem Gebiet des internationalen Lufttransports und aller verwandten Bereiche, insbesondere auf dem Gebiet des Erg\u00e4nzungsluftverkehrs in den L\u00fccken des internationalen Verkehrsnetzes auf dem Luftweg, auf der Schiene, der Strasse, auf dem Wasserweg und mittels Telekommunikation sowie mit der Planung, Herstellung und dem Vertrieb von Anlagen und Verfahren zur Unterst\u00fctzung und F\u00f6rderung der genannten Gebiete sowie mit allen sonstigen Gesch\u00e4ften, die mit den genannten Bereichen zusammenh\u00e4ngen.<br \/>\n2. Die Gesellschaft ist befugt, Zweigniederlassungen im In- und Ausland zu errichten sowie Unternehmen, deren Gegenstand dem der Ziff.1 entspricht oder mit ihm zusammenh\u00e4ngt, im In- und Ausland zu erwerben oder sich an solchen zu beteiligen.<\/p>\n<div id=\"attachment_1010\" style=\"width: 310px\" class=\"wp-caption alignnone\"><a href=\"https:\/\/www.ingoldairlines.com\" target=\"_blank\" rel=\"noopener\" data-wplink-edit=\"true\"><img loading=\"lazy\" decoding=\"async\" aria-describedby=\"caption-attachment-1010\" class=\"size-medium wp-image-1010\" title=\"logo-alt-big\" src=\"https:\/\/www.ingolduniversal.com\/wp-content\/uploads\/2009\/05\/logo-alt-big-300x97.jpg\" alt=\"1982 - 1999\" width=\"300\" height=\"97\" srcset=\"https:\/\/www.ingolduniversal.com\/wp-content\/uploads\/2009\/05\/logo-alt-big-300x97.jpg 300w, https:\/\/www.ingolduniversal.com\/wp-content\/uploads\/2009\/05\/logo-alt-big-550x179.jpg 550w\" sizes=\"auto, (max-width: 300px) 100vw, 300px\" \/><\/a><p id=\"caption-attachment-1010\" class=\"wp-caption-text\">1982 &#8211; 1999<\/p><\/div>\n","protected":false},"excerpt":{"rendered":"<p>ingold airlines AG Satzung &#8211; Abs. 1 Allgemeine Bestimmungen \u00a7 1 Firma und Sitz 1. Die Gesellschaft f\u00fchrt die Firma ingold airlines Aktiengesellschaft f\u00fcr internationalen Luftverkehr.\u2028\u20282. Sie hat ihren Sitz in K\u00f6ln. \u00a7 2 Gegenstand des Unternehmens 1. Gegenstand des Unternehmens ist die Bet\u00e4tigung auf dem Gebiet des internationalen Lufttransports und aller verwandten Bereiche, insbesondere [&hellip;]<\/p>\n","protected":false},"author":1,"featured_media":0,"parent":2313,"menu_order":40,"comment_status":"closed","ping_status":"closed","template":"","meta":{"footnotes":""},"class_list":["post-85","page","type-page","status-publish","hentry"],"_links":{"self":[{"href":"https:\/\/www.ingolduniversal.com\/index.php?rest_route=\/wp\/v2\/pages\/85","targetHints":{"allow":["GET"]}}],"collection":[{"href":"https:\/\/www.ingolduniversal.com\/index.php?rest_route=\/wp\/v2\/pages"}],"about":[{"href":"https:\/\/www.ingolduniversal.com\/index.php?rest_route=\/wp\/v2\/types\/page"}],"author":[{"embeddable":true,"href":"https:\/\/www.ingolduniversal.com\/index.php?rest_route=\/wp\/v2\/users\/1"}],"replies":[{"embeddable":true,"href":"https:\/\/www.ingolduniversal.com\/index.php?rest_route=%2Fwp%2Fv2%2Fcomments&post=85"}],"version-history":[{"count":20,"href":"https:\/\/www.ingolduniversal.com\/index.php?rest_route=\/wp\/v2\/pages\/85\/revisions"}],"predecessor-version":[{"id":3327,"href":"https:\/\/www.ingolduniversal.com\/index.php?rest_route=\/wp\/v2\/pages\/85\/revisions\/3327"}],"up":[{"embeddable":true,"href":"https:\/\/www.ingolduniversal.com\/index.php?rest_route=\/wp\/v2\/pages\/2313"}],"wp:attachment":[{"href":"https:\/\/www.ingolduniversal.com\/index.php?rest_route=%2Fwp%2Fv2%2Fmedia&parent=85"}],"curies":[{"name":"wp","href":"https:\/\/api.w.org\/{rel}","templated":true}]}}